- (-5 + 77/o). Let r(s) = -s + 4. Determine r(p).
-7
Let l(s) = 6*s + 14. Let d be l(-2). Let z(g) be the first derivative of 3*g - 4*g + 28 + 3*g**d - 2*g - 4*g**2. Give z(5).
-13
Let j(g) = -4*g**3 + 4*g**2 + g - 4. Let n(b) = 3*b**3 - b**2 - b + 4. Let m(s) = 2*j(s) + 3*n(s). Calculate m(-3).
25
Let r(x) be the third derivative of -x**5/30 + x**4/12 - x**3/2 + 8139*x**2. Let l = -3 + 6. Determine r(l).
-15
Let l(s) be the second derivative of -s**7/2520 + s**6/120 - s**5/120 - 29*s**4/6 + s**3/6 + 2*s + 4. Let p(u) be the third derivative of l(u). What is p(6)?
-1
Suppose -c = 4*c. Suppose -2*i + 3 + 9 = c. Let y(x) be the second derivative of x**5/20 - x**4/2 - x**3/2 + 5*x**2/2 + 9*x. What is y(i)?
-13
Let h(u) = 28*u - 229. Suppose 5*r = 4*j + 68, -8*r + 5 = -3*r + 5*j. Calculate h(r).
-5
Let k(o) = o**2 + 13*o - 1. Let v(c) = c**3 - 18*c**2 + 36*c + 123. Let m be v(15). Give k(m).
-13
Let q(r) = -2*r + 9. Let s be 15/(-6)*(-20)/25 - -14. Suppose 0 = 4*y + s. Let n be 4 + ((-8)/(y/1) - 0). Determine q(n).
-3
Let b(m) be the third derivative of -m**6/120 + 2*m**5/15 - m**4/2 - m**3/6 - 27*m**2 + 22. Give b(5).
14
Let q = -57 + 70. Let s(n) = 4*n**2 + 16 - 2 - q. Let l be s(1). Let k(g) = -g**2 + g + 4. Determine k(l).
-16
Let z = 4239 + -4242. Let l(p) = -10*p - 21. Give l(z).
9
Let m(a) = 8*a + 124. Let h(s) = -12*s - 175. Let f(o) = 5*h(o) + 7*m(o). Calculate f(3).
-19
Let a = -2256 + 2262. Let f(d) be the first derivative of -6 + 1/3*d**3 + 12*d - a*d**2. Determine f(10).
-8
Let s(q) be the first derivative of 59*q**2/2 - 64*q - 8202. Give s(1).
-5
Let q(v) = -522*v + 138. Let r(d) = -25*d + 1. Let n(a) = 2*q(a) - 42*r(a). What is n(-39)?
0
Let g(q) = q**2 + 6*q - 2. Let s be (-5*(2 - 3))/(-39 - -38). Determine g(s).
-7
Let a(h) be the first derivative of 7*h**3/3 + 6*h**2 - 10*h - 90. Let n(m) = 2*m**2 + m - 1. Let g(d) = -a(d) + 4*n(d). What is g(4)?
-10
Let h(t) = -14*t**3 + t**2 + t + 1. Let j = 184 - 180. Suppose -6 = 2*d + 4*l - 4, d + 1 = j*l. Calculate h(d).
15
Suppose -l = 8 - 11. Suppose -3*y = 5*o + 12, -2*o - l*y + 3 - 15 = 0. Let p(g) = 0*g + 0*g - 17 + g**2 - g + 0*g. What is p(o)?
-17
Let j(x) = -4*x - 15. Let l(u) = u**3 + 11*u**2 + 16*u - 21. Let t be l(-9). Let o(n) = -n - 14. Let i(a) = t*o(a) + 2*j(a). What is i(5)?
-13
Let n(v) = v + 13. Let x be n(-7). Let j be (-24)/36*(1 - -2) + 7. Let z(w) = -8 - w**2 - j*w + 3*w + 6*w + 4*w. Calculate z(x).
4
Let f(p) be the second derivative of -p**3/6 + 4*p**2 + p. Let o(a) = 20*a - 127. Let r be o(6). Let m be (-6)/(r + 19/3). Determine f(m).
-1
Let p(w) be the third derivative of -55*w**4/24 + w**3/2 + 65*w**2 - 16*w. Give p(1).
-52
Let x(p) be the third derivative of p**5/60 - 7*p**4/24 - 4*p**3/3 + 7*p**2 + p. Suppose i + 2*i = -4*m + 32, -14 = -i - 3*m. Determine x(i).
0
Let h(w) = -w**3 + 4*w**2 + 2*w + 1. Let y(r) = 56*r**3 - 7*r**2 - 5*r - 1. Let c(f) = -2*h(f) - y(f). What is c(1)?
-55
Let t = 28474 - 28461. Let r(v) = 2*v - 42. Determine r(t).
-16
Let p(i) = -6*i + 222. Let j be p(34). Let h(v) = -2*v + 17. Determine h(j).
-19
Let i(b) be the second derivative of b**4/12 + 7*b**3/3 + 14*b**2 - 3*b - 2. Let k be i(-12). Let p(u) = u**3 - 4*u**2 + u + 1. Calculate p(k).
5
Suppose -67*r + 332 + 74 + 130 = 0. Let x(h) = 40*h - 312. What is x(r)?
8
Let s(u) = -3*u + u**2 + 3*u. Let h(w) = -163*w**2 - 814*w + 7. Let q be h(-5). What is s(q)?
4
Let l(j) = -7*j**3 + 5*j**2 + 6*j + 4. Let z(m) = m**3 - m - 1. Let q(n) = -l(n) - 6*z(n). Suppose -7*g = -95 + 18. Suppose -2*b - 1 = -g. Determine q(b).
2
Suppose 0 = -p + 2*v, -5 = -2*p + 3*p - v. Let h be p/35 - 6/(-21). Let o(a) = 3 - a + 0 - 2*a + 2*a - 4. Give o(h).
-1
Suppose 2*p = -p + 5*n - 3, -2 = 2*p + 4*n. Let g(k) = -2*k - 1. Let v(l) = -11*l - 2. Suppose 7*i = -8 + 15. Let q(h) = i*v(h) - g(h). What is q(p)?
8
Let b(u) be the third derivative of -u**6/120 + u**5/10 - u**4/4 + 13*u**3/6 - 7*u**2 - 13*u. Calculate b(5).
8
Let m(d) be the third derivative of d**6/36 - 40*d**3/3 - 93*d**2. Let a(v) be the first derivative of m(v). Calculate a(-1).
10
Suppose 3*s + 4*n - 48 = 7*s, 0 = -2*n + 4. Let g(b) be the second derivative of b**5/20 + 3*b**4/4 - 3*b**3/2 - 18374*b. Calculate g(s).
-10
Suppose 5*o = -10*o + 2070. Suppose 8*i - 262 - o = 0. Let s = i - 44. Let k(n) = -n**2 + 6*n - 7. Calculate k(s).
-7
Let u(n) = 33*n**3 - 2*n**2 + 16*n + 2. Let b(d) = -30*d**3 + 2*d**2 - 14*d - 2. Let l(q) = 8*b(q) + 7*u(q). Calculate l(-1).
9
Let s(w) = -21*w**2 + 15*w - 15. Let n(t) = t**2 - 438*t - 7263. Let x be n(-16). What is s(x)?
-21
Let z(v) = 7*v**3 - 420*v**2 + 2. Let g be z(60). Let b(m) = -9*m**2 + m + 16. Let l(i) = -6*i**2 + i + 11. Let x(d) = 5*b(d) - 7*l(d). Determine x(g).
-13
Let v = -38 + 43. Suppose 4*y = -2*l, 5*l + 4*y = v + 7. Suppose -l*g + 2*f = 28, 3*g - 31 = 6*g - 4*f. Let d(t) = t**2 + 9*t + 1. Give d(g).
-19
Let o(k) be the second derivative of k**5/20 + 3*k**4/2 + 19*k**3/6 + 16*k**2 - 2*k - 416. Give o(-17).
-2
Let h(d) = -7*d + 2. Let i(t) = -8*t - 1. Let s(b) = 7*h(b) - 6*i(b). What is s(17)?
3
Let x = -40660 - -40655. Let a(p) = -p**2 - 4*p - 19. What is a(x)?
-24
Let g = -73 - -75. Let d(l) = -1 + 5*l**2 + 0*l**g - 1 - 1 - 7*l + l**3. Suppose -4*x = -r + 22, 6 = -4*r - 2. Calculate d(x).
3
Let v be (-5 + -1)/((-4)/4). Let d(h) be the first derivative of -6*h - 1/3*h**3 + 4*h**2 + 98. Determine d(v).
6
Let t(d) = -d**3 + 16 + 2082*d**2 - 3772*d**2 + 1703*d**2 + 18*d. Determine t(14).
72
Let g(m) = -4*m**2 + 16*m + 11. Let t(c) = -12*c**2 + 49*c + 40. Let j(i) = 10*g(i) - 3*t(i). What is j(3)?
-7
Let t(n) = 13*n**2 - 29*n - 389. Let z(v) = 7*v**2 - 15*v - 214. Let i(k) = -6*t(k) + 11*z(k). What is i(6)?
-2
Suppose -l + 3*l + 176 = 0. Let v = l + 71. Let u = v - -21. Let w(c) = -6*c + 6. Give w(u).
-18
Suppose -88 = -2*g - 116. Let v be (g/(-18) - 1) + (-5084)/(-36). Let s = -138 + v. Let c(h) = -3*h - 4. What is c(s)?
-13
Let p(z) = z**2 - z + 1. Suppose x + 6 = 2*t, -7*x + t + 4 = -10*x. Let a(c) = 10*c + 23. Let q be a(x). Determine p(q).
7
Let z(y) = -2*y**2 - 154*y + 315*y - 1 + 0*y**2 - 152*y. Let c(u) = -2*u**2 + 10*u. Let w(p) = 5*c(p) - 6*z(p). Give w(2).
6
Let a be (28/49)/((-8)/(-28))*-1. Suppose 2*q = -q + 72. Let h be q/(-10)*5/a. Let k(w) = -w**3 + 7*w**2 - 4*w - 6. Calculate k(h).
6
Suppose -32*c + 66*c - 2 = 33*c. Let w(l) be the third derivative of 0*l - 1/6*l**4 - 1/2*l**3 + 0 + 15*l**c. Give w(-2).
5
Let y(q) be the first derivative of 11*q**2/2 - 31*q + 2622. Calculate y(10).
79
Suppose -4*i + g + 22 = 0, 5*i + g - 40 = -8. Let r(x) = 2 + 0 - 1 + 0 + x. Give r(i).
7
Let a(q) be the third derivative of -q**5/60 + 2*q**3/3 + 13*q**2 + 9*q. Give a(3).
-5
Let n = 60 - 58. Suppose -2 = -3*k - n*w, -7 = -5*k - w + 8. Let v(g) be the third derivative of -g**5/60 - g**4/12 + 2*g**3/3 - 17*g**2. What is v(k)?
-20
Let m(u) = -12*u - 27. Let i be m(-3). Let v(n) = -i*n + 2*n + 6*n**2 - n**3 + 127 - 120. Give v(5).
-3
Let w(d) = -24*d**2 - 4*d. Let y be w(-8). Let u be 3/(-24) + y/256. Let k(g) = -g**2 - 5*g + 3*g - 9 - 4*g. What is k(u)?
-9
Let g = -10675 - -10671. Let t(d) = 2*d**2 + 11*d + 2. Determine t(g).
-10
Let d be (5/(20/32))/2. Let p(b) = 3*b**2 - 45*b + 10. Let t(m) = m**2 - 16*m + 4. Let n(c) = 4*p(c) - 11*t(c). Give n(d).
-4
Let o(c) be the second derivative of c**7/840 + c**6/72 + c**5/60 + c**4/4 - 37*c**3/3 + 44*c + 2. Let b(w) be the second derivative of o(w). Determine b(-5).
-4
Let x(a) be the second derivative of 1/12*a**4 - 1/6*a**3 + 17/2*a**2 - a + 11. Determine x(0).
17
Let q(u) = 4*u - 2. Let k(x) = 27*x - 11. Let a(c) = -k(c) + 3*q(c). Calculate a(1).
-10
Let h = 32351 + -32324. Let d(x) = 3*x + 27. What is d(h)?
108
Let d be ((-36064)/(-207))/(-28) - (-2)/9. Let h(w) = -w**2 - 7*w - 5. Calculate h(d).
1
Suppose 68 = 5*q - r + 4*r, 4*q - r = 51. Let l(v) = q*v**2 - 6*v - v**3 - v**2 + 6*v + 2*v - 16. Give l(12).
8
Let b(n) be the third derivative of 63*n**2 + 1/6*n**3 + 1/6*n**5 + 0*n**4 + 0 + 0*n. Give b(1).
11
Let r be 6*((-7)/(-2))/(-7). Let v(w) = 2*w**3 - w**2 - w - 3. Let z be v(2). Let j(t) = -t**3 + 2*t - t**2 - 6*t + t + z*t + 4. What is j(r)?
10
Let n(q) = 272*q - 1111. Let w be n(4). Let b(l) = l**2 + 27*l + 48. What is b(w)?
-44
Let z(w) = -444*w - 1